(-245 + 241)/(1/(-3) - 0). Suppose r - 76 = 56. What is the greatest common divisor of r and p?
12
Let g = 329 + -327. What is the greatest common divisor of 74 and g?
2
Suppose -15 = -2*m - 7, -5*s + 425 = 5*m. Let l be 1 + 1 - 0/(-2). Suppose 0 = -r + l + 7. Calculate the greatest common factor of s and r.
9
Suppose -5*y = -37 + 27. Let f be 77/14 + 1/y. Let r = f + -4. What is the greatest common factor of r and 5?
1
Let i be 58 + 3/1 - -4. Let x = i + -44. Let d be ((-56)/6)/((-6)/27). What is the highest common divisor of x and d?
21
Let z(a) = -2*a - 4. Let g be z(-5). Calculate the greatest common divisor of 150 and g.
6
Let s = 1300 - 452. What is the greatest common factor of s and 53?
53
Suppose -5*x - 59 + 9 = 0. Let c = x - -17. Suppose q - 1 = 0, -6*y + 2*y + 115 = 3*q. Calculate the greatest common divisor of y and c.
7
Let x be 1*5 - (-3828)/66. What is the greatest common factor of x and 6?
3
Suppose 67*r - 32589 = -4*r. What is the highest common factor of r and 27?
27
Let c = 2236 - 2227. What is the greatest common divisor of 144 and c?
9
Suppose 21 - 9 = 3*t. Suppose 0 = -3*q + t*w + 93, -4*w = -5*q - 3*w + 138. What is the highest common factor of q and 18?
9
Let i be (-4)/12*(0 + 3). Let n be (-33)/(i + 5/2). Let s be 4/n - (-536)/44. Calculate the highest common factor of s and 108.
12
Let s be (42/6 + 10)*14. What is the highest common factor of s and 14?
14
Let n be 20/3*(-24)/(-10). Let g(v) = v**2 + 4*v - 12. Let b be g(6). What is the greatest common factor of b and n?
16
Let y = 29 - 16. Suppose -2*r + 3*c + y = 0, 2*r + 17 - 55 = -2*c. Suppose 3*b - 466 = -k, -4*k + 0 - 446 = -3*b. What is the highest common factor of r and b?
14
Let v = -86 - -99. Suppose 0 = -15*y + v*y + 102. Calculate the highest common factor of y and 255.
51
Let q be (((-190)/57)/(-10))/(3/(538 + 2)). Let m = 77 - 37. Calculate the greatest common divisor of q and m.
20
Suppose 204*g = 216*g - 264. Calculate the greatest common divisor of g and 22.
22
Suppose 3*g = d - 5*d + 18, -5*g + 2*d = -30. Let x(c) = 6 - 5*c + 0 - g + 6. Let k be x(-3). Calculate the highest common divisor of 7 and k.
7
Suppose k = 3*b - 1156, 3*b + 190 = -2*k + 1334. What is the greatest common divisor of b and 12?
12
Let n(v) = v**2 + 16 - 7 + 6 + 13*v. Let i be n(-12). Suppose g - 24 = -i*g. Calculate the highest common factor of g and 15.
3
Suppose -p + o + 7 = 0, 4*o + 15 = o. Suppose -4*c + 19 = -5*d, -d = 1 - p. Let w = 43 - -23. What is the greatest common factor of w and c?
6
Let m be ((-32)/5)/(74/(-4440)). Calculate the greatest common factor of m and 432.
48
Suppose -64 = -4*y + 128. Suppose -6*l + 40 = -l. Let k(f) = f - 2. Let w be k(l). What is the highest common factor of y and w?
6
Let z(r) = -r**3 + 2*r**2 + 3*r - 12. Let t be z(-3). What is the highest common factor of 6 and t?
6
Suppose 116 = 2*v + 4*c + 8, c = 2*v - 93. Let i(y) = -y**2 - 13*y - 4. Let k be i(-12). Calculate the highest common divisor of v and k.
8
Suppose -3*r = v - 31, r - 127 = -3*v + 6. Let k(i) = 3*i**2 - 35*i + 17. Let d be k(14). What is the highest common divisor of v and d?
23
Let n(j) = 2 - 3 - j + 0 - 1. Let p be n(-5). What is the highest common factor of p and 21?
3
Let w = 5 - 0. Suppose -z + 3 - 2 = 0. Let q = z - -14. Calculate the greatest common factor of q and w.
5
Let s be (1 + -5)*(-18)/2. Let n = 29 - 69. Let i = n + 49. What is the greatest common factor of s and i?
9
Let q be 297/11*(-4)/(-6). Let t = q + 10. What is the highest common factor of 28 and t?
28
Let k = -1196 + 1201. What is the highest common factor of 160 and k?
5
Let z = -1165 - -1543. What is the highest common factor of z and 24?
6
Suppose 2*f - 3*l + 2 = 0, 3*f + 5 = -2*f - 2*l. Let g be 39 + (-4)/f + -8. Let v = -33 + g. Calculate the highest common factor of v and 14.
2
Suppose 50*a - 716 = 784. Calculate the highest common divisor of 135 and a.
15
Suppose 148 = -4*b + 8*b. Suppose -3*h + b = 19. Let k = -1 + h. Calculate the highest common divisor of 55 and k.
5
Let z = -195 - -24. Let w = z - -307. What is the highest common factor of w and 8?
8
Let t = -154 - -183. Calculate the greatest common divisor of 232 and t.
29
Suppose 0 = -4*p + 3*f + 19, 1 = 4*p + 5*f - 10. Let d be (-1463)/(-55) - p/(-10). What is the greatest common divisor of 18 and d?
9
Suppose 9 + 3 = -3*z + 3*f, 3*z - 28 = -5*f. Let w be 2/(-5)*(-6 + z). Calculate the greatest common factor of 14 and w.
2
Let g(j) = j**3 + 6*j**2 + j + 8. Let q be g(-6). Let x be (-20)/16*-2*q. Suppose 37 = x*u - 413. What is the highest common factor of u and 9?
9
Let m = -209 - -237. What is the highest common factor of m and 140?
28
Let g be (2 - 70/25)/(1/40). Let m be -2*(-2 - -3) - g. What is the highest common divisor of 270 and m?
30
Let f(u) = u**2 + 8*u + 3. Let y be f(-7). Let w be y/(2 + (-28)/12). Let x = 2 + 82. Calculate the greatest common factor of x and w.
12
Let p = 1168 - 1154. Calculate the greatest common divisor of 161 and p.
7
Suppose 3*r = -5*k - r - 40, 2*k + 5*r = -16. Let o(j) = -j**3 - 6*j**2 - 13*j - 7. Let g be o(k). What is the greatest common factor of g and 9?
9
Let b = 875 - 595. Calculate the highest common divisor of 200 and b.
40
Let y(z) = 6*z - 20. Let r(d) = -d**3 - 6*d**2 - 6*d - 1. Let p be r(-5). Let n be y(p). Calculate the greatest common divisor of n and 44.
4
Suppose -4*b = 3*t - 166 + 24, 31 = b + 3*t. Suppose 0 = 3*s + 7 - b. Let i be 12/s*(-20)/(-6). Calculate the highest common divisor of 32 and i.
4
Let y(x) = -x - 7. Let w be y(-20). Let u be (-6)/15*-3*-80. Let s = u + 200. Calculate the highest common divisor of w and s.
13
Suppose 16*c - 4*c - 2184 = 0. Calculate the highest common factor of 42 and c.
14
Let f be (36/(-15))/(28/(-630)). Calculate the highest common divisor of 72 and f.
18
Let x(q) = -15*q + 55. Let o be x(-3). Calculate the greatest common divisor of 325 and o.
25
Let u(a) = 2*a**2 - 3. Let c be u(6). Let h be -9*115/135*-6. What is the highest common divisor of c and h?
23
Let t be 2 + 320/(-140) + (-170)/(-7). Calculate the highest common factor of 198 and t.
6
Suppose 2 = -3*r + 17. Suppose r*n = 2*n + 51. Suppose 0 = -7*d + 5*d + 102. Calculate the greatest common divisor of n and d.
17
Let g = -815 + 984. Calculate the highest common divisor of g and 676.
169
Let c(v) = -v**2 - 7*v + 3. Let u be c(-8). Suppose -2 = 3*h - 2*m, 3*m + m = h - 6. Let s = h - u. What is the greatest common factor of s and 12?
3
Suppose k + 3*c - 9 = -2*k, -k = 3*c + 5. Let g = -175 + 189. What is the greatest common factor of k and g?
7
Let n be (-2)/(-4)*-4 - (-1 - 15). Let t = -14 + 8. Let w be t/(-21) + 1508/n. What is the greatest common factor of 12 and w?
12
Suppose 5*m - 363 + 23 = -5*t, 4*t - 62 = -m. Calculate the highest common divisor of 42 and m.
14
Let u be (0 + -3)*1 + 24. Let s(t) = -6*t - 6. Let j be s(-7). Let x = j - u. What is the greatest common divisor of x and 5?
5
Let p(n) = -9*n - 6. Let u be p(-6). Let z be -47 + 8/(-4) - -2. Let x = z - -59. What is the highest common divisor of x and u?
12
Let b(l) = l**3 - 2*l**2 - l - 6. Let t be b(3). Suppose 3*u + 2*o - 758 = t, -2*o + 254 = -3*u + 4*u. What is the greatest common factor of 36 and u?
36
Let i(l) = 37*l - 22. Let m be i(4). Calculate the greatest common divisor of m and 693.
63
Let x = 2506 + -2431. Calculate the highest common divisor of x and 475.
25
Let a = 13 - 377. Let l be a/(-7) + 2*2/(-2). What is the greatest common divisor of l and 75?
25
Let r = 8 - -1. Let p(l) = 4*l**2 + 7*l - 27. Let q be p(3). Let f = q + -3. Calculate the highest common divisor of f and r.
9
Suppose 4*c = -334 + 958. Calculate the highest common factor of 104 and c.
52
Suppose 4*c = 2*i - 294, 0 = -i + 6*i + 3*c - 735. Let r be (i/(-28))/(1/(-4)). What is the greatest common divisor of 49 and r?
7
Suppose u - i = -6*i - 27, 0 = 4*u - 4*i - 12. Let y be u/(-8) + (-406)/(-8). Suppose -b = -y - 9. What is the highest common divisor of 24 and b?
12
Suppose 1337 - 485 = 6*d. Suppose -5*i + 5*p + 0*p + 160 = 0, 5*i + 4*p = d. What is the greatest common divisor of 90 and i?
30
Let w(u) = -u + 7. Let c be w(6). Let h be -13*c/((-2)/18). Suppose -6*g + 143 = 5*g. What is the highest common divisor of g and h?
13
Let o(k